
Is 100 even?
True
Is 30 a factor of 525?
False
Is 1335 a multiple of 57?
False
Does 2 divide 9220?
True
Does 45 divide 114?
False
Is 103 a factor of 887?
False
Does 18 divide 35881?
False
Is 2147 a multiple of 11?
False
Is 6 a factor of 178?
False
Is 329 a factor of 37839?
False
Is 23457 a multiple of 22?
False
Is 551 a multiple of 19?
True
Does 3 divide 802?
False
Is 2420 a multiple of 44?
True
Is 54 a factor of 843?
False
Is 8778 a multiple of 10?
False
Is 3480 a multiple of 12?
True
Does 3 divide 1048?
False
Is 2288 a multiple of 26?
True
Is 1017 a multiple of 57?
False
Does 21 divide 12309?
False
Is 13 a factor of 742?
False
Is 15000 a multiple of 125?
True
Is 12877 a multiple of 163?
True
Does 13 divide 39?
True
Is 109 a multiple of 4?
False
Is 23 a factor of 690?
True
Is 74 a factor of 5698?
True
Does 31 divide 1406?
False
Is 40 a factor of 3930?
False
Is 3082 a multiple of 17?
False
Does 44 divide 3762?
False
Is 19 a factor of 34048?
True
Does 24 divide 14040?
True
Does 17 divide 306?
True
Does 41 divide 16636?
False
Is 131 a factor of 10036?
False
Is 24180 a multiple of 65?
True
Does 149 divide 22078?
False
Does 54 divide 2423?
False
Is 4 a factor of 236?
True
Does 42 divide 6594?
True
Is 11316 a multiple of 17?
False
Does 2 divide 892?
True
Is 608 a multiple of 8?
True
Is 15 a factor of 699?
False
Is 168 a multiple of 8?
True
Is 14 a factor of 43834?
True
Is 14 even?
True
Does 43 divide 13543?
False
Is 42 a factor of 462?
True
Is 30 a factor of 30?
True
Does 93 divide 1415?
False
Is 20 a factor of 2620?
True
Is 6 a factor of 258?
True
Is 3287 a multiple of 4?
False
Does 24 divide 6063?
False
Does 69 divide 608?
False
Is 77805 a multiple of 133?
True
Is 7 a factor of 352?
False
Is 6480 a multiple of 16?
True
Is 15 a factor of 18591?
False
Is 896 a multiple of 32?
True
Is 13 a factor of 10985?
True
Is 8588 a multiple of 42?
False
Does 10 divide 41?
False
Is 8274 a multiple of 36?
False
Is 146 a factor of 79424?
True
Is 16 a factor of 1314?
False
Does 31 divide 155?
True
Is 23 a factor of 2967?
True
Is 6 a factor of 221?
False
Is 310 a multiple of 17?
False
Does 6 divide 2298?
True
Does 3 divide 1209?
True
Is 20 a factor of 4300?
True
Is 1040 a multiple of 17?
False
Is 17 a factor of 50?
False
Is 14 a factor of 532?
True
Is 18 a multiple of 6?
True
Is 19 a factor of 1233?
False
Does 15 divide 105?
True
Is 1642 a multiple of 10?
False
Is 20 a factor of 2202?
False
Is 4850 a multiple of 5?
True
Is 720 a multiple of 80?
True
Is 18 a factor of 12186?
True
Is 150 a multiple of 18?
False
Is 4289 a multiple of 53?
False
Is 6706 a multiple of 2?
True
Does 30 divide 690?
True
Is 23 a factor of 41354?
True
Is 19 a factor of 3249?
True
Does 5 divide 8815?
True
Does 25 divide 5125?
True
Is 18 a factor of 6943?
False
Is 7 a multiple of 7?
True
Is 1402 a multiple of 28?
False
Does 36 divide 6480?
True
Is 21 a factor of 1476?
False
Is 183 a factor of 42639?
True
Does 35 divide 994?
False
Is 4 a factor of 1667?
False
Does 7 divide 2030?
True
Is 897 a multiple of 5?
False
Does 2 divide 962?
True
Does 17 divide 255?
True
Does 8 divide 3976?
True
Does 24 divide 53808?
True
Is 1703 a multiple of 12?
False
Is 8575 a multiple of 4?
False
Is 36696 a multiple of 88?
True
Is 630 a multiple of 30?
True
Does 23 divide 38663?
True
Is 60 a multiple of 5?
True
Is 1135 a multiple of 4?
False
Is 6 a factor of 7982?
False
Does 42 divide 208?
False
Does 11 divide 484?
True
Is 26 a factor of 24804?
True
Does 207 divide 30568?
False
Does 22 divide 25600?
False
Is 14 a factor of 327?
False
Is 49896 a multiple of 27?
True
Is 2430 a multiple of 90?
True
Is 139 a factor of 11700?
False
Is 55 a factor of 3135?
True
Does 16 divide 831?
False
Is 594 a multiple of 18?
True
Does 65 divide 494?
False
Does 106 divide 20974?
False
Does 5 divide 6101?
False
Does 195 divide 3120?
True
Is 3015 a multiple of 67?
True
Does 42 divide 22722?
True
Is 792 a multiple of 24?
True
Is 7 a factor of 25018?
True
Is 986 a multiple of 17?
True
Is 38 a factor of 19418?
True
Does 57 divide 2665?
False
Is 2728 a multiple of 13?
False
Does 8 divide 664?
True
Is 11172 a multiple of 12?
True
Is 46 a multiple of 2?
True
Is 23 a factor of 33511?
True
Is 33 a factor of 6534?
True
Does 12 divide 760?
False
Is 34380 a multiple of 20?
True
Is 237 a factor of 17954?
False
Is 2131 a multiple of 92?
False
Is 3 a factor of 78?
True
Is 3597 a multiple of 109?
True
Is 177 even?
False
Does 4 divide 216?
True
Does 12 divide 816?
True
Does 10 divide 36304?
False
Is 319 a multiple of 97?
False
Is 1105 a multiple of 65?
True
Does 36 divide 2953?
False
Is 78 a factor of 7786?
False
Is 109 a multiple of 6?
False
Is 450 a multiple of 10?
True
Is 119 a factor of 25917?
False
Is 93 a factor of 44467?
False
Is 2 a factor of 303?
False
Is 9252 a multiple of 58?
False
Is 4469 a multiple of 109?
True
Is 15 a factor of 6570?
True
Is 1680 a multiple of 168?
True
Is 46 a factor of 244?
False
Is 5 a factor of 3844?
False
Does 5 divide 1114?
False
Is 11 a factor of 5151?
False
Does 13 divide 72358?
True
Is 104 a factor of 312?
True
Is 55 a factor of 770?
True
Does 36 divide 3709?
False
Is 8 a factor of 20264?
True
Is 12551 a multiple of 77?
True
Is 4 a factor of 876?
True
Is 9 a factor of 21?
False
Is 44 a multiple of 44?
True
Does 15 divide 3415?
False
Does 71 divide 9443?
True
Does 4 divide 1188?
True
Is 25 a factor of 13724?
False
Is 8181 a multiple of 101?
True
Is 201 a multiple of 3?
True
Does 18 divide 12546?
True
Does 12 divide 2348?
False
Is 73 a factor of 73?
True
Is 12523 a multiple of 8?
False
Does 20 divide 1073?
False
Does 47 divide 1722?
False
Does 51 divide 561?
True
Is 80 a factor of 26240?
True
Does 14 divide 9284?
False
Is 300 a multiple of 10?
True
Does 6 divide 1776?
True
Is 18819 a multiple of 51?
True
Is 46 a factor of 1288?
True
Is 216 a multiple of 36?
True
Does 6 divide 1175?
False
Is 4 a factor of 1154?
False
Is 5568 a multiple of 29?
True
Is 32 a factor of 384?
True
Does 27 divide 5330?
False
Does 4 divide 97?
False
Is 46248 a multiple of 188?
True
Is 152 a factor of 17480?
True
Is 34928 a multiple of 16?
True
Is 152379 a multiple of 16?
False
Does 12 divide 84?
True
Does 8 divide 60?
False
Is 21858 a multiple of 6?
True
Does 25 divide 963?
False
Is 3332 a multiple of 5?
False
Is 6 a factor of 66?
True
Does 116 divide 2204?
True
Is 1565 a multiple of 4?
False
Is 320 a multiple of 32?
True
Does 13 divide 44974?
False
Does 296 divide 8632?
False
Is 9486 a multiple of 69?
False
Is 1315 a multiple of 2?
False
Is 1432 a multiple of 2?
True
Does 116 divide 1222?
False
Does 63 divide 27802?
False
Is 540 a multiple of 12?
True
Is 33 a factor of 1385?
False
Is 7571 a multiple of 67?
True
Is 15 a factor of 21315?
True
Is 56 a factor of 14556?
False
Does 14 divide 14017?
False
Is 2 a factor of 401?
False
Is 39977 a multiple of 91?
False
Does 39 divide 3123?
False
Is 539 a multiple of 14?
False
Is 186 a factor of 12396?
False
Does 323 divide 104951?
False
Does 10 divide 30763?
False
Is 6049 a multiple of 23?
True
Is 59 a factor of 23956?
False
Is 122 a multiple of 3?
False
Is 2083 a multiple of 30?
False
Is 40 a factor of 880?
True
Does 12 divide 1133?
False
Is 104 a factor of 10848?
False
Is 52 a factor of 10559?
False
Is 1173 a multiple of 53?
False
Is 11 a factor of 13986?
False
Does 8 divide 360?
True
Is 150 a multiple of 4?
False
Is 26761 a multiple of 106?
False
Is 1848 a multiple of 84?
True
Is 51 a factor of 4743?
True
Does 44 divide 1452?
True
Is 1430 a multiple of 55?
True
Is 1550 a multiple of 5?
True
Does 12 divide 3205?
False
Does 88 divide 13948?
False
Is 1864 a multiple of 26?
False
Is 312 a multiple of 24?
True
Does 11 divide 14575?
True
Does 23 divide 817?
False
Does 35 divide 620?
False
Does 15 divide 2438?
False
Is 29 a factor of 884?
False
Is 4474 a multiple of 16?
False
Is 525 even?
False
Is 4074 a multiple of 42?
True
Does 39 divide 11050?
False
Is 18414 a multiple of 79?
False
Is 1122 a multiple of 66?
True
Is 21 a factor of 753?
False
Does 64 divide 31764?
False
Is 51 a factor of 21114?
True
Does 2 divide 12664?
True
Does 80 divide 1200?
True
Is 1175 a multiple of 47?
True
Does 28 divide 43014?
False
Does 5 divide 2853?
False
Is 32 a factor of 288?
True
Is 20 a factor of 1790?
False
Is 26 a fa